 t(a).
127
What are the prime factors of -15 - 12397/(-66) - (-2)/12?
173
Let w = 380 - -438. List the prime factors of w.
2, 409
Let w = -37 - -41. Suppose -w*y = -12*y + 1440. What are the prime factors of y?
2, 3, 5
Suppose 1374 = 5*p - 261. List the prime factors of p.
3, 109
Suppose -4*z + 322 = q, 0*z = 2*q + z - 679. Suppose 23*k - 29*k = -q. What are the prime factors of k?
3, 19
Suppose -a = -5*k + 2653, 0 = 20*k - 24*k - 3*a + 2130. List the prime factors of k.
3, 59
Let m(o) = -25*o**3 + 9*o**2 + 8*o + 26. What are the prime factors of m(-4)?
2, 11, 79
List the prime factors of 141/(-188) - (-195)/4.
2, 3
Suppose -4 = -0*i - 2*i. Let l(h) = -617*h**3 + 2*h**2 + 3*h - 5. Let v be l(i). What are the prime factors of 2/(-12) + v/(-78)?
3, 7
Let q = -16 - 10. Let s = q + 31. What are the prime factors of s?
5
Suppose 2*n + 11 = -1. What are the prime factors of (-694)/(-4) - 3/n?
2, 3, 29
Let u = 2981 - 750. What are the prime factors of u?
23, 97
List the prime factors of (-20)/3*(-23892)/220.
2, 181
Suppose -5444 = 525*c - 529*c. List the prime factors of c.
1361
Let a(j) = -86*j + 474. List the prime factors of a(-44).
2, 2129
Let h(l) = -l - 2. Let j be h(-6). Let p be 24/(-14)*(j + 3). List the prime factors of (-141*8/p)/2.
47
Suppose -j + 8 = 2. Suppose 195 = j*l - 93. List the prime factors of l.
2, 3
Suppose -4*n - 9 = 3*l - 4*l, -2*l = 5*n + 21. List the prime factors of ((-52)/6)/(n/27).
2, 3, 13
Let q = 2745 + -251. List the prime factors of q.
2, 29, 43
Let r = 5103 - 2714. List the prime factors of r.
2389
Let u = -663 - -1023. What are the prime factors of u?
2, 3, 5
Let u(z) = -42*z - 12. Let i be u(-2). Suppose -3*m + 56 + 70 = 0. Let a = i - m. What are the prime factors of a?
2, 3, 5
List the prime factors of (-3*78/(-72))/((-2)/(-88)).
11, 13
Suppose 5*k - 2*c - 10 = -4, -4*k = -2*c - 4. Let s be k/4*(3 - 3). Suppose -85 = -5*p + 3*o, s = -3*p - 0*p - o + 51. List the prime factors of p.
17
List the prime factors of 20/8*2770/25.
277
Suppose 6*n + n - 616 = 0. Suppose 4*v - 3*v = n. What are the prime factors of v?
2, 11
Suppose 4*a - 4*r - 24 = 0, -5*r = -a - 7*r + 3. Suppose -3*j + 153 = a*m - 4*m, -4*m + 542 = -2*j. What are the prime factors of m?
2, 3, 23
Suppose -34 + 178 = 4*o. Let i = o + -14. What are the prime factors of i?
2, 11
Suppose 6 = -4*o + 10. Let t = 4 - o. Suppose t*l = -5*v + 112, 160 = 4*l + 2*v + 2*v. List the prime factors of l.
2, 11
Let s(k) = k**3 + 3*k**2 - 4*k + 1. Suppose 3*h + 4*a = 4, -h + 6*a = 3*a - 10. What are the prime factors of s(h)?
97
Let m(b) be the second derivative of -b**5/2 + b**4/6 + b**3/2 + 2*b**2 - 8*b. List the prime factors of m(-2).
2, 43
Let c(u) = u**2 + u + 1. Let z be c(2). Suppose z*s - 106 - 391 = 0. List the prime factors of s.
71
Let i(c) be the first derivative of -c**4/4 + 8*c**3/3 + 2*c**2 - 3*c + 4. Let l be i(8). Suppose l = 4*q - 55. What are the prime factors of q?
3, 7
Suppose o - 8 = 24. Let f = 3 - 6. What are the prime factors of o + (6 - 0)/f?
2, 3, 5
Let v(d) = 3*d**2 - 5*d + 2. Let p be v(2). Suppose 2*w + 2*g - p = 0, 2*w + 31 = 3*g + 2*g. What are the prime factors of (50/w)/((-1)/3)?
2, 5
Let d(q) = -12*q + 5. Suppose s = -3*p - 27, 0 = -0*p + 3*p + 2*s + 30. Let a be d(p). Suppose -4*j - 21 = -a. List the prime factors of j.
2, 5
Suppose x = 14*x - 663. Let f = x - 43. What are the prime factors of f?
2
Let j = -13 + 17. Suppose 4*g = j*c - 612, 4*c + 3*g = c + 477. What are the prime factors of c?
2, 3, 13
Let k(j) = -3*j - 7. Let y be k(2). List the prime factors of (-26)/y + 47*1.
7
Let n be (-24)/(-4) + -3 - -2. Let d be 32/10 - (-1)/(-5). Suppose -5*r + 48 = -b, -18 = -n*r + d*r + b. What are the prime factors of r?
2, 5
Let z be 6*(28/8 + -3). Let l be (2/z)/(5/(-90)). List the prime factors of 12/(l/(-3)) - -1.
2
Suppose 2*z + 254 = -z + 2*u, -3*z - 250 = -u. Let a = -56 - z. Suppose 0 = 3*y + 4*m - 76 - a, 3*y + m = 102. What are the prime factors of y?
2, 17
Let x = 199 - 45. What are the prime factors of x?
2, 7, 11
Let w(b) = 4*b**2 + b + 8. Let u(v) = -2*v**2 - 4. Let y(a) = 5*u(a) + 3*w(a). Let m = -93 - -91. List the prime factors of y(m).
2, 3
Let h = 33 + -38. Let o(w) = w**3 + 7*w**2 + 3*w - 13. List the prime factors of o(h).
2, 11
Suppose -205 = 4*n - 577. Let p = n - 61. What are the prime factors of p?
2
Suppose -5*c = -3*m - 18 + 1, 0 = -3*c + m + 11. List the prime factors of (-57)/(-24)*14*(c + 0).
7, 19
Let v be -134*(2 - (3 - 3)). Let z = v - -444. List the prime factors of z.
2, 11
Let n = -81 + 77. What are the prime factors of (n/4)/(3/(-15))?
5
Let s(n) = -n - 3. Let f be s(-5). Suppose -z = -j + 12, f*z + 42 = 5*j - 6. What are the prime factors of ((-12)/j)/((-1)/14)?
3, 7
List the prime factors of 21/14*(-60200)/(-30).
2, 5, 7, 43
Suppose 76*a - j - 1897 = 73*a, -629 = -a + j. List the prime factors of a.
2, 317
What are the prime factors of 2370/8 - (-15)/(-12)?
5, 59
Let t(c) be the second derivative of -c**5/20 - c**4/2 - 5*c**3/6 - c**2 + 7*c. Let g be t(-7). List the prime factors of (-2)/(g/(-78) + 1).
3, 13
Suppose 130 - 390 = -4*x. Let y = 104 - x. Suppose -3*j = -2*z + y, -j - 29 + 0 = -2*z. What are the prime factors of z?
2, 3
Let a = 22 + -19. Suppose a*f - 548 = 7*f. Let m = -76 - f. List the prime factors of m.
61
Let i be (-6)/27 + (-1366)/9. Let a = -9 - 85. Let x = a - i. List the prime factors of x.
2, 29
Suppose -7*v = -0*v - 2534. What are the prime factors of v?
2, 181
Let s = -7 - -7. Suppose -z - z = s. Suppose a + 7 = -5*i + 16, 3*a - i - 91 = z. What are the prime factors of a?
29
Let a(v) = 2*v + 6*v**2 + 6*v + 2 - 5*v**2. Let r be a(-4). Let d = -9 - r. List the prime factors of d.
5
Let a = -531 + 1092. List the prime factors of a.
3, 11, 17
Let r = -15 + 15. Suppose r*y = y + 5. Let t = y - -18. List the prime factors of t.
13
Let q be (-5 + 4)/(3 - 2). Let z be 56 + (-2)/q*2. What are the prime factors of (39/(-2))/((-18)/z)?
5, 13
Suppose 0 = -52*k + 8*k + 158048. What are the prime factors of k?
2, 449
Suppose 0 = -3351*k + 3350*k + 381. List the prime factors of k.
3, 127
Let w(v) be the second derivative of 19*v**4/12 - 2*v**3/3 - 5*v**2/2 + 13*v. Let l be w(4). Suppose 0 = 3*c - l + 79. What are the prime factors of c?
2, 17
Let a = -39 + 42. Suppose -a*c = -5*v + 63, c + c - 58 = -5*v. What are the prime factors of v?
2, 3
Suppose -4 = -5*l + 11. Suppose 72 = -l*w - 66. Let y = -19 - w. What are the prime factors of y?
3
Let j(h) = -2699*h + 25. List the prime factors of j(-1).
2, 3, 227
Let j = -15 - 16. Suppose -6*r - 2000 = 19*r. Let u = j - r. List the prime factors of u.
7
Suppose -7*s - 5*h + 2 = -10*s, 4*s + h = 28. Let v(l) = -l + 9. Let c be v(5). Suppose 2*f - 35 = -3*b, f + s - 31 = -c*b. List the prime factors of f.
13
Suppose 3*y - 484 = 4*c, -8 = 2*c - 0*c. Let v = y - 56. List the prime factors of v.
2, 5
Let q(h) = -78*h**3 - h**2 - 3*h - 2. Let i be q(-1). List the prime factors of ((i/4)/13)/((-3)/(-340)).
2, 5, 17
Let a be (-4 - -1 - -5)/(1/(-44)). What are the prime factors of (a/6)/(90/(-1485))?
2, 11
Suppose 16*k - 60 = 36. List the prime factors of k.
2, 3
Let p(h) = 3*h + 6. Suppose -v = 4*f - 3*f - 6, -5*f + 5*v + 20 = 0. List the prime factors of p(f).
3, 7
Suppose -5*y + 10145 = 3*h, -2297 = -h - 4*y + 1073. What are the prime factors of h?
2, 3, 5, 113
Let b(x) = -2*x - 23. Let n be b(-14). Suppose p = -3*p + h + 31, 6 = 3*p + 5*h. Suppose p*c = n*c + 38. What are the prime factors of c?
19
Let u(l) = -l**3 + 58*l**2 + 137*l - 29. List the prime factors of u(60).
991
Let u(f) = -f - 8*f - 10 - 6*f - f. What are the prime factors of u(-4)?
2, 3
Suppose 184*i + 483 = 187*i. List the prime factors of i.
7, 23
Let c(j) = -2*j**2 - 3*j**2 + 6*j**2 - 7 - 3*j + 46. What are the prime factors of c(-9)?
3, 7
Let j be (-16)/12*18/12. List the prime factors of 81 + (j + 0 - -4).
83
Let t = 45 + 14. Suppose 3*f + t = 380. List the prime factors of f.
107
Let l = -3 + 4. Suppose -5*z - l = -11. Suppose -4*u = -16, -z*q - 3*q = 4*u - 196. What are the prime factors of q?
2, 3
Let a(u) = 23*u - 25. What are the prime factors of a(32)?
3, 79
Let i = -5037 + 7384. List the prime factors of i.
2347
Let t = -4 - -9. Let j be 22/7 + (-9)/63. Suppose -t*p + 4